actors of 2/((-8)/(-620)) - 0/b.
5, 31
Let j(h) be the third derivative of h**6/120 + h**5/15 - h**4/4 - h**3/2 - h**2. Let f be j(-5). Suppose -f = -w + 26. List the prime factors of w.
2, 7
Let d = 10 - 9. Let j be 0 + (12 - d/1). Let f = j - -10. What are the prime factors of f?
3, 7
Let k = -45 + 77. Suppose -5*c = -28 - k. Let p = 39 - c. What are the prime factors of p?
3
Let x be 3 - (3 - 12/3). Let g be 430/x - (-3)/(-6). Let i = g - 73. List the prime factors of i.
2, 17
Suppose 2*s = -f + 549, -856 = -3*s + 2*f + 3*f. Let o = s + -136. List the prime factors of o.
3, 47
Let k(z) = 5*z**2 + z + 2. Let o be k(3). Let d be 243/5 + 20/o. Suppose 3*y + 0*w - w = 13, -5*w + d = 4*y. What are the prime factors of y?
2, 3
Suppose -6*q + 194 = -886. What are the prime factors of q?
2, 3, 5
Let s be (-8)/(-12) + 12/9. Let x(c) = -5*c**2 + 1 - 2*c**s + 7*c**2 + 9*c**2. List the prime factors of x(-1).
2, 5
List the prime factors of (2 - 657)*(-11 - -10).
5, 131
Suppose -66*m - l - 1418 = -68*m, 4*m + 2*l = 2852. What are the prime factors of m?
3, 79
Let u = -257 - -1445. List the prime factors of u.
2, 3, 11
Let i(k) = -8*k + 4879. List the prime factors of i(0).
7, 17, 41
Let a = -27 + 27. Let o = a + 26. What are the prime factors of o?
2, 13
Let v = 25 - 22. List the prime factors of (2/(-6))/(v/(-693)).
7, 11
List the prime factors of (11 - (-85)/(-15))/(6/3087).
2, 7
Let f = 11 + -9. Suppose 0 = 3*x - 77 + f. Suppose -19 = -0*y - y - 3*m, 5*m = 4*y - x. What are the prime factors of y?
2, 5
Let b(u) = -5*u**2 + 2*u**2 - 7*u**2 + 3*u**2 - 5*u + 13 - u**3. What are the prime factors of b(-6)?
7
What are the prime factors of (321/(-15) - -3)/((-10)/175)?
2, 7, 23
What are the prime factors of (4 - 10) + 1 + 3016?
3011
Let w be (-2 - -7)/(1/1). Suppose 0 = u + w*s + 83, 2*u + 201 = -2*s - s. What are the prime factors of -1 + -1 + u/(-4)?
5
Let t(s) = s**3 - 20*s**2 - 13*s - 65. List the prime factors of t(21).
103
Let u be (-1*(-2 + -5))/(-1). Let l be (2 + u/3)*39. Let w = 32 + l. List the prime factors of w.
19
Let l(s) = s**3 - 19*s**2 - s + 55. List the prime factors of l(21).
2, 229
Let a = -27 + 31. Suppose 385 = a*w + w. List the prime factors of w.
7, 11
List the prime factors of 14*(1404/44 - (-5)/55).
2, 7
Let d(p) = -11*p + 6. Let t(l) = -l**3 - 6*l**2 + 2*l + 9. Let n be t(-6). Let g be d(n). Let v = g + -15. List the prime factors of v.
2, 3
Let a(b) = -b**3 - 4*b**2 + 4*b - 4. Let o be a(-5). Suppose 4*z - 5*n = 70, -2*z + 2*n + 17 = -17. Let i = z - o. List the prime factors of i.
2, 7
Suppose 0 = -3*r + 5 + 13. Suppose 0 = 5*x - z - 9, x + z - r = -3*z. Suppose 4*i = -4*y + x*y + 168, -3*i = -2*y - 119. What are the prime factors of i?
41
Let p be (-96)/(-12) + (1 - 5). Suppose -2*n + 117 = -5*d + 18, p*d - 264 = -5*n. List the prime factors of n.
2, 13
Let s be ((-195)/9)/(-5) + 2/(-6). Suppose -2*c = s*t - 494, 0 = 4*t + 3*c - 89 - 408. List the prime factors of t.
2, 61
Suppose -c + 5*c - 3*p - 45 = 0, c - 6 = -p. Suppose 284 = c*h - 5*h. List the prime factors of h.
71
Let i be 1*(2/2 - -1). Let o(p) = -p**2 + 42*p - 115. Let q be o(39). Suppose -q*t = 3*h + t - 96, h - i*t - 35 = 0. What are the prime factors of h?
3, 11
Let k be (-2)/(4/(-10))*(-155)/(-31). Let q = k + -3. What are the prime factors of q?
2, 11
Let o be 15/5 - (-120 - 1). Suppose 90*p - o = 88*p. What are the prime factors of p?
2, 31
Suppose -5*z = -4529 + 1369. List the prime factors of z.
2, 79
Suppose 64022 = -0*k + 34*k. List the prime factors of k.
7, 269
Suppose -4*y - 5*u = -y + 744, 4*y - 2*u + 1018 = 0. Let a = y + 360. List the prime factors of a.
107
Suppose 0 = h - 5*h + 68. Suppose -16*n = -h*n + 23. Suppose y - 10 = n. List the prime factors of y.
3, 11
Let m(t) be the third derivative of -t**5/60 + 7*t**4/12 + 7*t**3/6 - 17*t**2. What are the prime factors of m(11)?
2, 5
Suppose -6*p + 2 = -4. What are the prime factors of p*-17*6/(-2)?
3, 17
Let x = 149 + 528. What are the prime factors of x?
677
Suppose -5*r - 8 = -23. Suppose -5*z - r = 4*n, -n + 2*n - 4*z = 15. Suppose 0 = n*f - 224 + 77. What are the prime factors of f?
7
Let s = 29 + -24. Suppose 4*r = s*f - 414, 0*r + 16 = 4*r. List the prime factors of f.
2, 43
What are the prime factors of (4 + (-2968)/(-21))/((-2)/(-3))?
2, 109
Let s(r) = -45*r + 24 - 2*r**2 + 2*r**2 - 3*r**2 + r**2. What are the prime factors of s(-20)?
2, 31
Let x = -1 - -25. Let d be (-1 + 0)/((-6)/x). Let u = 25 - d. What are the prime factors of u?
3, 7
Suppose 5*z - 416 - 219 = 0. Let k = -1081 + 1085. Suppose 4*l + 9 = -7, z = 3*g - k*l. List the prime factors of g.
37
Let x(r) = 140*r - 53. List the prime factors of x(4).
3, 13
Let z(b) be the third derivative of -b**6/30 + b**5/30 + b**4/8 - b**3/2 - 48*b**2. List the prime factors of z(-2).
31
Suppose -2*u = -2*s + 8 + 8, 4 = s + u. Let f(x) = 2*x**2 - 2*x + 9. Let n be f(s). Let k = -15 + n. What are the prime factors of k?
2, 3
Suppose -i + 5*i + 16 = 0, 0 = 4*w + 3*i - 12. Let d(x) = x**2 + 6. What are the prime factors of d(w)?
2, 3, 7
Let x = 13 + -8. Suppose 3*p + 2*l = -3, 5*l + 4 = -x*p - 1. List the prime factors of (p - 0)*-3 - -21.
2, 3
Let m = -160 - -561. List the prime factors of m.
401
Suppose -31*t = 1081 - 50061. List the prime factors of t.
2, 5, 79
Suppose 0 = -4*r + 7*r - 39. Let c = r - 8. Suppose 39 + 101 = c*v. List the prime factors of v.
2, 7
Let f be 4/3*(-1704)/(-16). Let r = f + -11. List the prime factors of r.
131
Suppose 3*t + 3 = 0, -29*t = -4*g - 34*t + 131. Let v = 2 - 0. Let x = g + v. What are the prime factors of x?
2, 3
Let p be (8/(-3))/(12/(-18)). Suppose -32 - p = w. Let h = w + 50. List the prime factors of h.
2, 7
Let d = 74 + -71. Suppose 86 = d*m - 205. List the prime factors of m.
97
Let j = -2038 + 2044. Suppose 3*i + 5*r = 20, r - 2 = i - 6. Suppose -j*y + 76 = -i*y. List the prime factors of y.
2, 19
Suppose 0 = -4*y + 3*c + 160, y - 132 = -3*y - 4*c. Suppose 0 = -3*n + 32 + y. Suppose l + n = 3*q, -4 = 3*q - 4*q + 4*l. What are the prime factors of q?
2
Let m(a) = -5*a - 1. Suppose 2*k + 18 = 4*r, k - 5*r - 3 = -6*r. Let p be m(k). Let s(d) = -d**2 + 5*d - 2. List the prime factors of s(p).
2
Suppose 342 = 3*n - 18. Let r = n - -23. What are the prime factors of r?
11, 13
Suppose -14*l - 168315 = -63*l. What are the prime factors of l?
3, 5, 229
Suppose 0 = -43*z + 50048 - 9198. List the prime factors of z.
2, 5, 19
Let q(f) = -f**3 - 44*f**2 - 163*f - 17. List the prime factors of q(-42).
3301
Suppose -3*d - 4*v = -0*d + 8, d + 3*v + 11 = 0. Suppose -w + d = -1, -4*n = -2*w - 162. List the prime factors of n.
43
Let z be (132/5)/(30/100). Let w = 140 - z. What are the prime factors of w?
2, 13
Suppose 4*n - 88 = 2*n. Suppose -3*d + n = -4. Suppose -4*s = -4 - d. What are the prime factors of s?
5
Suppose -5*c + 2831 + 794 = 5*x, c + 4*x = 728. List the prime factors of c.
2, 181
Suppose 0 = -12*t + 5837 + 6967. List the prime factors of t.
11, 97
Let q(r) = r**2 + 9*r - 15. Let o be q(-10). List the prime factors of ((-10)/(-4))/(((-10)/36)/o).
3, 5
Suppose o - 1093 = -100*c + 102*c, -3*c - 1091 = -o. List the prime factors of o.
1097
Suppose 0 = 3*w - 12*w + 5967. List the prime factors of w.
3, 13, 17
Let x be ((-8)/(-40) - 11/5) + 88. Suppose i = -3*o + x, i = -2*i + 4*o + 193. List the prime factors of i.
71
Suppose -3*j + 3 = 0, 0*j = -2*l + j + 5427. List the prime factors of l.
2, 23, 59
Let y(x) = 11*x - 2. Let i(u) = u**3 + 2. Suppose k + 2*t = 10, 0*k = 3*k - 4*t + 20. Let d be i(k). What are the prime factors of y(d)?
2, 5
Suppose -6*g + 9*g = 36. Let y = -20 + g. List the prime factors of (4/y)/(3/(-102)).
17
Suppose 3 - 21 = 2*l. Let p be (6/l)/(-1)*6. Suppose 6*c - p*c - 118 = 0. What are the prime factors of c?
59
Suppose 2*n + 13 = j, -5*n + 2*n = -4*j + 27. Let o(c) = 40 - c**2 - 13 - c**j - 9. List the prime factors of o(0).
2, 3
Suppose 7*d + 378 + 49 = 0. Let w = 2 - d. What are the prime factors of w?
3, 7
What are the prime factors of 2/32*9218 - 3/24?
2, 3
Let i be (-2)/(-2)*12 + (-5 - -3). Suppose -2*c + 5*c = 12. List the prime factors of i/c*12/15.
2
Suppose -20 = 3*o + 2*o, -2*b = -4*o - 24. Suppose -q = -3*q + b. Suppose 2*a = -3*u + 117, 5*u - q*a - 220 = 3*a. What ar